is 3 + 7 + (-1 - (14 - 5)) + 10?
10
What is -490 + 570 + (2 - 45)?
37
What is -11 - ((0 - 0) + -14 + 10)?
-7
Evaluate (0 - 0) + (-196 - -215).
19
What is the value of 1 + 14 + 12 + 0?
27
-202 + 187 - (-6 + -7)
-2
Evaluate 1 + -16 + 382 + -407.
-40
Calculate (-3 - (-2 + 0) - 0) + 2886 + -2875.
10
Evaluate 16 - (6 - (13 + -26)).
-3
Calculate 2 - (20 + (0 - 13)) - -7.
2
Evaluate -3 + (-36 - -42 - (0 + (5 - 1))).
-1
Calculate -35 + (2 - -3) + 237 + -222.
-15
Calculate 5 + (-6 + -9 - -13).
3
(78 - 123) + 14 + -1 + 14
-18
(-1 - -1) + 0 + 18 - (8 - 2)
12
What is the value of (0 - 5) + -16 + (12 - -3)?
-6
Evaluate 20 + -14 + (-28 - -16).
-6
What is 2 + -12 - (35 - (-13 + 58))?
0
Evaluate -7 + (10 + -11 - (7 - (7 + -3))).
-11
Calculate 19 - (-28 + 32 + 3).
12
Calculate 12 + -9 + -1 + -4.
-2
Calculate -15 + -15 + 14 - -8.
-8
What is 13 - -6 - (3 - -3)?
13
What is the value of 1 + (-7 - -5) + 12 + -4?
7
6 - ((81 - 78) + 1 + -8)
10
What is the value of 9 + -15 - (-9 + (0 - 2)) - -6?
11
What is the value of (26 - 16) + -21 + (-3 - 4)?
-18
-1 - ((-10 - 2) + 16)
-5
What is the value of (25 + -10 - 0) + 4?
19
What is the value of -112 - -109 - (1 - 1 - 1)?
-2
Calculate (467 - 468) + (-23 - 0).
-24
-1 - (12 - (-7 - (3 + 0 + -4)))
-19
Calculate 34 - 44 - (-23 + 32).
-19
Calculate 10 + 0 + -3 + -4 + 4 + -4.
3
What is the value of 6 + -2 + (-12 + 5 - -12) + -7?
2
Calculate 4 + (6 - (-5 + 4)) - (-6 + 11).
6
What is (3 - 7) + 13 + -19?
-10
What is (-4 - 6 - -3 - -5) + -4?
-6
What is the value of -25 - (-105 + 99 - (2 - (1 - 1)))?
-17
Evaluate (-9 - -21) + -10 + -5 + 1.
-2
What is -20 + (12 - (10 + 11 - 6))?
-23
What is the value of 34 + (3 - 4) + (-16 - -5)?
22
What is -12 + -1 + -24 + 1 + 18?
-18
-48 - -25 - (5 - 25)
-3
(16 + -12 - -7) + -40 - 0
-29
What is -2 - (-6 + 19 + -6 + -3 + 1)?
-7
-20 - 1 - 0 - (-1 - 9)
-11
Evaluate 5 - 21 - (-13 - -4 - -2).
-9
What is 7 - ((-7 - 1) + 10) - 13?
-8
Calculate 1 - 44 - (21 - (28 + 11)).
-25
-9 + 6 + (7 - -1) - -9
14
Calculate 40 + (-12 - (30 + -14)).
12
What is the value of 15 + (-3 - (22 - 28))?
18
Calculate (-6 - 0) + (1 - 10) + 3 + 4.
-8
Evaluate 2 - (10 + 2 + 22 + -25 + 9).
-16
Evaluate (2 - 3) + 2 + (3 - (-5 - 5)).
14
Calculate (-16 - -1) + 60 + -36 + 0 + 0.
9
Calculate 32 + 22 + -33 - (-2 - 2).
25
Calculate -5 + -1 + -6 + 6 + (0 - -1).
-5
13 - 29 - (-5 - (0 + -4 - -3))
-12
What is 15 - (3 - -6 - -2)?
4
Evaluate -6 - -8 - (3 - 0 - 3).
2
(-169 - -171) + 4 + -19
-13
Evaluate 23 - 4 - 15 - -20.
24
Calculate (-5 - -1) + 7 - (0 + -7).
10
Calculate -5 - -2 - (-7 + -35 + 10 + 14).
15
What is (-12 - (-6 + 1) - -3) + -2 + 9?
3
4 + (11 - 16) - (3 - 1)
-3
Evaluate (2 - -6) + (-4 - -35) + -16 + 4.
27
Calculate -36 + -4 + 16 + 2.
-22
Evaluate 3 - (-17 - 3) - (-9 + -5 + 18).
19
What is the value of (14 - 20 - 1) + 14?
7
Calculate (-1 - 0) + 26 + -19.
6
What is the value of (-1 - (-9 + 2)) + -8 - -10 - -9?
17
5 + 8 + (3 - (10 + -15))
21
Calculate -16 - -2 - (-17 + -1).
4
What is the value of 16 - ((-14 - 7) + 30)?
7
11 + 7 + -7 + 2
13
What is 6 + 0 - ((-6 + -4 - -7) + 5)?
4
Evaluate 8 - (-4 + 7) - (5 - 6 - -14).
-8
Calculate 14 - (1 + 8 + 29) - -14.
-10
What is -39 + 47 - (14 + (-7 - -3))?
-2
37 + -34 + 1 + (-1 + 0 - -9)
12
What is the value of 21 - -2 - (-589 - -603)?
9
What is the value of 3 + -23 - (-1 + (-3 + 10 - -5))?
-31
(-9 - -13) + -7 + -5
-8
What is -1 - -1 - (2 - (-1 + -3))?
-6
Calculate -9 + -14 + 18 - (-2 - -5 - 4).
-4
What is the value of 9 + 10 + (-10 + -10 - 5)?
-6
Evaluate (-33 - 32) + 34 + 69.
38
What is the value of -14 - (((-3 - -5) + 2 - -5) + -17)?
-6
Evaluate -5 - (-21 - -27 - (8 - 0) - -7).
-10
Evaluate (13 - ((18 - 2) + 1)) + (1 - 14).
-17
Calculate -85 - -83 - (7 + -1 + 2).
-10
(1 - 19) + (4 - 5) + 7
-12
Evaluate -1631 + 1641 - (1 + -1 - -10).
0
17 + (9 - -5) + -4 + 3
30
What is -37 - ((7 - -7) + -46)?
-5
What is the value of -3 + 0 + 34 + -28?
3
What is -33 + 32 - (-1 - (-19 + 6))?
-13
What is 20 + (10 - -6 - 27)?
9
Evaluate 4 - -1 - (-9 + 7) - (-3 + -1).
11
Evaluate ((2 - 3) + -10 - -2) + 2.
-7
Evaluate -9 - (3 + -1 - (-16 + 14 + 1)).
-12
What is -4 - (-2 + 0 - (-14 - -14))?
-2
What is -18 + 7 - (-24 - -7)?
6
-4 + -7 + 0 - -6 - -6
1
-2 - (-15 + 12 - 8 - (-2 - 35))
-28
What is the value of -19 + 11 + 16 + (-2 - 5) + -9?
-8
Calculate -8 - (31 + -8 - 32 - (3 - -25)).
29
Calculate (8 - -14) + -16 + -7.
-1
Calculate -2 - (-4 + -2 + -7 + 4 + 10).
-3
What is the value of -2 + (1 - (1 + (5 - 1 - 10)))?
4
-1 + -15 + (-1 - (-11 + 7))
-13
Evaluate -2 - ((3 - (3 + 0)) + -7 - -14).
-9
Evaluate (4 - (9 - -2)) + 13 + -27 + 4.
-17
What is -4 + 8 + -9 + (-13 - (-1 - 3))?
-14
What is the value of -7 + (-3 - -13 - 5) - -4?
2
What is 4 - (-9 + 13 - -2 - 0)?
-2
What is (1 - -8) + -8 + 3 + (-43 - -24)?
-15
9 + (-22 - -7) + -1
-7
Calculate -4 - (13 + -28 + (7 - -5)).
-1
Evaluate -3 + (-8 + (-4 - -8) - (0 + -6)).
-1
Calculate (-36 - -9 - -6 - -11) + 4.
-6
What is the value of (-2 - (3 - (10 + -15))) + 4?
-6
Evaluate 10 + 6 - (1 - 0).
15
Calculate -135 + 129 + -10 + -2.
-18
Evaluate (-2 - -2) + 5 + (-3 - (-3 - -2)).
3
What is -3 + -1 + 44 + (-22 - (5 + -16))?
29
Evaluate -194 + 183 - (-1 - 6).
-4
Calculate (-20 - -8) + -3 - -6.
-9
(-1 + 1 - -16) + (-4 - -2)
14
What is -16 + 20 + (0 - -19)?
23
Evaluate -17 + (28 - (-20 + 17)) - -4.
18
Calculate -7 + 1 + (-26 - -36 - 20) - -11.
-5
Calculate 13 + -16 - (21 + -9).
-15
Evaluate -9 - 8 - (12 + (-30 - -15)).
-14
(-13 - 10) + -3 - -34
8
Evaluate -4 - 3 - (47 - 47).
-7
Calculate (6 - 3) + (-15 - (-2 + -10)).
0
0 - (1 - 13) - (812 - 823)
23
Evaluate (-10 - (9 - 26) - -2 - 15) + 6.
0
What is the value of -11 + 5 + (6 - 7) + -7 + -1?
-15
Calculate 22 + 15 + (10 - 44).
3
(1 + 6 - (-268 + 270)) + 12
17
16 - (3 + (10 - 8)) - -17
28
What is the value of -34 + 49 - (4 + -6 + 9)?
8
(-14 - -33) + -15 + 22 - (8 - 2)
20
Evaluate (2 - 10) + (10 - 9) + 13 - -13.
19
(5 - (-2 + 12)) + -20 + 8
-17
What is the value of 5 + (-3 + (0 - 9) - -9)?
2
(3 - -9) + 12 + -10 + -8 - -4
10
What is 105 - 103 - (13 - (-5 + 10))?
-6
12 + -5 + 0 + (-18 - -26) + -3
12
What is (-19 - -1) + (-1246 - -1272)?
8
(-51 - 6) + 23 + 49
15
Calculate (-6 - (11 + -3 + 0)) + 4 + -3.
-13
Evaluate -29 - ((-11 - -1) + 9).
-28
Evaluate -2 - -17 - (-12 - -35).
-8
What is the value of -5 - (12 + -17 + 18 + -11)?
-7
Evaluate -11 - (-2 - (0 + (-10 - 1))).
-20
Evaluate -2 + (-8 - (33 - 10)).
-33
What is the value of -14 + 14 - (0 - 24) - (179 + -177)?
22
Calculate -3 + (-5 - -17) + (18 - 18).
9
Evaluate 3 + (3 + -4 - -4) + (9 - 24).
-9
What is the value of 2 + -1 + (48 - 32) + -6?
11
Calculate 18 - 5 - (-11 + 26 - 8).
6
What is 53 + -33 + (-27 - -32)?
25
What is the value of 4 + 4 + 12 + -6 + (-10 - -14)?
18
Calculate -8 + 1 + 23 - 25.
-9
What is the value of 1 - 3 - (0 + 16 - 19)?
1
Calculate -12 + (1 + -16 - (-106 + 85)).
-6
What is (-6 - (-9 - 8)) + (6 - 4)?
13
Calculate 0 + 6 - (8 - (-5 - 0)) - -8.
1
Calculate -3 + (-16 - -5) - -6.
-8
What is (0 - 3) + -1 - (-90 - -91)?
-5
Calculate -7 + 2 + 5 - (20 + -22).
2
What is the value of -1 + 4 + -8 + 19?
14
Calculate 3 + 10 + -8 + 4.
9
Evaluate -10 + -5 + 61 + -28.
18
What is 9 - (-3 + -2 + (-5 - -7 - 1))?
13
Calculate -16 - -6 - -2 - -2.
-6
Evaluate (2 + -10 + 5 - -22) + -5.
14
0 - ((9 - 9) + 1 + 3)
-4
What is (-9 - -17 - (1 + 14)) + 1?
-6
What is the value of (-11 - -11) + (-4 - 15) + (4 - 3)?
-18
Calculate (16 - 24) + (-3 - (-5 + 6 + -3)).
-9
What is (10 - -1) + -9 - 15?
-13
What is (10 - 2) + -10 + 6 + 11?
15
Evaluate 32 + -8 + 17 + -7 + -14.
20
What is (0 + 7 + -8 - -4) + -18 - 3?
-18
What is the value of -14 + (-8 - -24) - ((-3 - -20) + -4)?
-11
Calculate -106 + 76 - (-12 + 1).
-19
23 - (19 + 1) - 19
-16
Calculate -16 - ((-5 - 0) + (-59 - -58)).
-10
What is (-14 - (-11 + -4)) + -2 + (-2 - 15)?
-18
What is the value of 13 - (-1 - (-1 + -1 + -4))?
8
Calculate 6 - (10 - (6 + (-12 - 2))).
-12
-3 + 15 + (15 - (10 + 6))
11
Evaluate 5 + 28 + -29 + -24.
-20
What is -5 - 1 - (39 + -61)?
16
Calculate -5 + -14 + 3 + -3 - (6 - 11).
-14
What is 9 + 1 - (42 + -33 + 15)?
-14
31 + 2 - (242 - 201)
-8
Calculate 12 + -19 - 4 - -2.
-9
What is (-1 - (-7 - 2)) + -22 + 22?
8
What is the value of 7 - ((-39 - -1) + 23)?
22
What is the value of -25 + 29 - 5 - (3 + -9 - -3)?
2
Calculate 9 - ((7 - -21) + -8).
-11
Wh